{"id":26,"date":"2018-03-03T01:44:02","date_gmt":"2018-03-03T00:44:02","guid":{"rendered":"http:\/\/artplastic.fr\/?page_id=26"},"modified":"2018-04-05T21:15:47","modified_gmt":"2018-04-05T19:15:47","slug":"declinaisons-ohe","status":"publish","type":"page","link":"https:\/\/artplastic.fr\/?page_id=26","title":{"rendered":"Oclinaison"},"content":{"rendered":"<h3 style=\"text-align: center;\"><img loading=\"lazy\" class=\"wp-image-446 aligncenter\" title=\"OH\u00c9 Nom Propre . Bateau tr\u00e8s c\u00e9l\u00e8bre du XX\u00e8me si\u00e8cle qui a accost\u00e9 au pays des bonbons. Il a percut\u00e9 une fraise tagada g\u00e9ante. Exemple: \u00ab Sur la mer des bonbons, Oh\u00e9 a percut\u00e9 une fraise tagada g\u00e9ante \u00bb . Synonyme : dragiboat\" src=\"http:\/\/artplastic.fr\/wp-content\/uploads\/2018\/03\/Oh\u00e94-2-1-300x290.jpg\" alt=\"\" width=\"400\" height=\"387\" srcset=\"https:\/\/artplastic.fr\/wp-content\/uploads\/2018\/03\/Oh\u00e94-2-1-300x290.jpg 300w, https:\/\/artplastic.fr\/wp-content\/uploads\/2018\/03\/Oh\u00e94-2-1-370x358.jpg 370w, https:\/\/artplastic.fr\/wp-content\/uploads\/2018\/03\/Oh\u00e94-2-1.jpg 593w\" sizes=\"(max-width: 400px) 100vw, 400px\" \/>\u00a0 <strong>D\u00c9FINITION<\/strong><\/h3>\n<h4 style=\"text-align: center;\">( Mettre la souris sur l&rsquo;image pour faire apparaitre le texte)<\/h4>\n<p>&nbsp;<\/p>\n<h3 style=\"text-align: center;\"><a href=\" http:\/\/artplastic.fr\/?page_id=188 \"><img loading=\"lazy\" class=\"aligncenter wp-image-17\" title=\"Cliiiiiiiiiiiiiiiiiiic\" src=\"http:\/\/artplastic.fr\/wp-content\/uploads\/2018\/03\/oh\u00e9-2-300x300.jpg\" alt=\"\" width=\"405\" height=\"405\" \/><\/a> D\u00c9FINITION SONORE<\/h3>\n<p>&nbsp;<\/p>\n<h3 style=\"text-align: center;\"><a href=\" http:\/\/artplastic.fr\/?page_id=191\" rel=\"noopener\"><img loading=\"lazy\" class=\"aligncenter wp-image-16\" title=\"Cloooooooc\" src=\"http:\/\/artplastic.fr\/wp-content\/uploads\/2018\/03\/Oh\u00e94-150x150.jpg\" alt=\"\" width=\"400\" height=\"331\" \/><\/a>CARTE VOCALE<\/h3>\n<h4 style=\"text-align: right;\"><a href=\"http:\/\/artplastic.fr\/?page_id=145\">Retour<\/a><\/h4>\n","protected":false},"excerpt":{"rendered":"<p>\u00a0 D\u00c9FINITION ( Mettre la souris sur l&rsquo;image pour faire apparaitre le texte) &nbsp; D\u00c9FINITION SONORE &nbsp; CARTE VOCALE Retour<\/p>\n","protected":false},"author":1,"featured_media":0,"parent":0,"menu_order":0,"comment_status":"closed","ping_status":"closed","template":"","meta":[],"_links":{"self":[{"href":"https:\/\/artplastic.fr\/index.php?rest_route=\/wp\/v2\/pages\/26"}],"collection":[{"href":"https:\/\/artplastic.fr\/index.php?rest_route=\/wp\/v2\/pages"}],"about":[{"href":"https:\/\/artplastic.fr\/index.php?rest_route=\/wp\/v2\/types\/page"}],"author":[{"embeddable":true,"href":"https:\/\/artplastic.fr\/index.php?rest_route=\/wp\/v2\/users\/1"}],"replies":[{"embeddable":true,"href":"https:\/\/artplastic.fr\/index.php?rest_route=%2Fwp%2Fv2%2Fcomments&post=26"}],"version-history":[{"count":20,"href":"https:\/\/artplastic.fr\/index.php?rest_route=\/wp\/v2\/pages\/26\/revisions"}],"predecessor-version":[{"id":621,"href":"https:\/\/artplastic.fr\/index.php?rest_route=\/wp\/v2\/pages\/26\/revisions\/621"}],"wp:attachment":[{"href":"https:\/\/artplastic.fr\/index.php?rest_route=%2Fwp%2Fv2%2Fmedia&parent=26"}],"curies":[{"name":"wp","href":"https:\/\/api.w.org\/{rel}","templated":true}]}}